{"version":"1.0","provider_name":"Batijournal","provider_url":"https:\/\/batijournal.com","author_name":"Bati-journal","author_url":"https:\/\/batijournal.com\/index.php\/author\/elodie\/","title":"Reims\u00a0: comment \u00e9chafauder les halles du Boulingrin\u00a0?","type":"rich","width":600,"height":338,"html":"<blockquote class=\"wp-embedded-content\" data-secret=\"F5FTTwrr3O\"><a href=\"https:\/\/batijournal.com\/index.php\/reims-comment-echafauder-les-halles-du-boulingrin\/72807\/\">Reims\u00a0: comment \u00e9chafauder les halles du Boulingrin\u00a0?<\/a><\/blockquote><iframe sandbox=\"allow-scripts\" security=\"restricted\" src=\"https:\/\/batijournal.com\/index.php\/reims-comment-echafauder-les-halles-du-boulingrin\/72807\/embed\/#?secret=F5FTTwrr3O\" width=\"600\" height=\"338\" title=\"\u00ab\u00a0Reims\u00a0: comment \u00e9chafauder les halles du Boulingrin\u00a0?\u00a0\u00bb &#8212; Batijournal\" data-secret=\"F5FTTwrr3O\" frameborder=\"0\" marginwidth=\"0\" marginheight=\"0\" scrolling=\"no\" class=\"wp-embedded-content\"><\/iframe><script type=\"text\/javascript\">\n\/* <![CDATA[ *\/\n\/*! This file is auto-generated *\/\n!function(d,l){\"use strict\";l.querySelector&&d.addEventListener&&\"undefined\"!=typeof URL&&(d.wp=d.wp||{},d.wp.receiveEmbedMessage||(d.wp.receiveEmbedMessage=function(e){var t=e.data;if((t||t.secret||t.message||t.value)&&!\/[^a-zA-Z0-9]\/.test(t.secret)){for(var s,r,n,a=l.querySelectorAll('iframe[data-secret=\"'+t.secret+'\"]'),o=l.querySelectorAll('blockquote[data-secret=\"'+t.secret+'\"]'),c=new RegExp(\"^https?:$\",\"i\"),i=0;i<o.length;i++)o[i].style.display=\"none\";for(i=0;i<a.length;i++)s=a[i],e.source===s.contentWindow&&(s.removeAttribute(\"style\"),\"height\"===t.message?(1e3<(r=parseInt(t.value,10))?r=1e3:~~r<200&&(r=200),s.height=r):\"link\"===t.message&&(r=new URL(s.getAttribute(\"src\")),n=new URL(t.value),c.test(n.protocol))&&n.host===r.host&&l.activeElement===s&&(d.top.location.href=t.value))}},d.addEventListener(\"message\",d.wp.receiveEmbedMessage,!1),l.addEventListener(\"DOMContentLoaded\",function(){for(var e,t,s=l.querySelectorAll(\"iframe.wp-embedded-content\"),r=0;r<s.length;r++)(t=(e=s[r]).getAttribute(\"data-secret\"))||(t=Math.random().toString(36).substring(2,12),e.src+=\"#?secret=\"+t,e.setAttribute(\"data-secret\",t)),e.contentWindow.postMessage({message:\"ready\",secret:t},\"*\")},!1)))}(window,document);\n\/\/# sourceURL=https:\/\/batijournal.com\/wp-includes\/js\/wp-embed.min.js\n\/* ]]> *\/\n<\/script>\n","thumbnail_url":"https:\/\/batijournal.com\/wp-content\/uploads\/2015\/03\/17373046.jpg","thumbnail_width":600,"thumbnail_height":450,"description":"Le 13 novembre 1922, la Commission municipale de voirie et de reconstruction de la ville de Reims d\u00e9cide de lancer un concours d\u0092architectes afin de construire des halles en remplacement de l\u0092ancien march\u00e9 couvert qui avait \u00e9t\u00e9 d\u00e9truit lors de la Premi\u00e8re Guerre mondiale. Tous les architectes fran\u00e7ais peuvent participer, \u00e0 la seule condition qu\u0092ils [&hellip;]"}

Reims : comment échafauder les halles du Boulingrin ?

<blockquote class="wp-embedded-content" data-secret="F5FTTwrr3O"><a href="https://batijournal.com/index.php/reims-comment-echafauder-les-halles-du-boulingrin/72807/">Reims : comment échafauder les halles du Boulingrin ?</a></blockquote><iframe sandbox="allow-scripts" security="restricted" src="https://batijournal.com/index.php/reims-comment-echafauder-les-halles-du-boulingrin/72807/embed/#?secret=F5FTTwrr3O" width="600" height="338" title="« Reims : comment échafauder les halles du Boulingrin ? » &#8212; Batijournal" data-secret="F5FTTwrr3O" frameborder="0" marginwidth="0" marginheight="0" scrolling="no" class="wp-embedded-content"></iframe><script type="text/javascript">
/* <![CDATA[ */
/*! This file is auto-generated */
!function(d,l){"use strict";l.querySelector&&d.addEventListener&&"undefined"!=typeof URL&&(d.wp=d.wp||{},d.wp.receiveEmbedMessage||(d.wp.receiveEmbedMessage=function(e){var t=e.data;if((t||t.secret||t.message||t.value)&&!/[^a-zA-Z0-9]/.test(t.secret)){for(var s,r,n,a=l.querySelectorAll('iframe[data-secret="'+t.secret+'"]'),o=l.querySelectorAll('blockquote[data-secret="'+t.secret+'"]'),c=new RegExp("^https?:$","i"),i=0;i<o.length;i++)o[i].style.display="none";for(i=0;i<a.length;i++)s=a[i],e.source===s.contentWindow&&(s.removeAttribute("style"),"height"===t.message?(1e3<(r=parseInt(t.value,10))?r=1e3:~~r<200&&(r=200),s.height=r):"link"===t.message&&(r=new URL(s.getAttribute("src")),n=new URL(t.value),c.test(n.protocol))&&n.host===r.host&&l.activeElement===s&&(d.top.location.href=t.value))}},d.addEventListener("message",d.wp.receiveEmbedMessage,!1),l.addEventListener("DOMContentLoaded",function(){for(var e,t,s=l.querySelectorAll("iframe.wp-embedded-content"),r=0;r<s.length;r++)(t=(e=s[r]).getAttribute("data-secret"))||(t=Math.random().toString(36).substring(2,12),e.src+="#?secret="+t,e.setAttribute("data-secret",t)),e.contentWindow.postMessage({message:"ready",secret:t},"*")},!1)))}(window,document);
//# sourceURL=https://batijournal.com/wp-includes/js/wp-embed.min.js
/* ]]> */
</script>

Le 13 novembre 1922, la Commission municipale de voirie et de reconstruction de la ville de Reims décide de lancer un concours darchitectes afin de construire des halles en remplacement de lancien marché couvert qui avait été détruit lors de la Première Guerre mondiale. Tous les architectes français peuvent participer, à la seule condition quils [&hellip;]
