{"version":"1.0","provider_name":"Batijournal","provider_url":"https:\/\/batijournal.com","author_name":"Bati-journal","author_url":"https:\/\/batijournal.com\/index.php\/author\/elodie\/","title":"Restaurations \u00e0 Notre-Dame et \u00e0 l'Op\u00e9ra Garnier","type":"rich","width":600,"height":338,"html":"<blockquote class=\"wp-embedded-content\" data-secret=\"1veRhLYbkf\"><a href=\"https:\/\/batijournal.com\/index.php\/restaurations-a-notre-dame-et-a-lopera-garnier\/80958\/\">Restaurations \u00e0 Notre-Dame et \u00e0 l&rsquo;Op\u00e9ra Garnier<\/a><\/blockquote><iframe sandbox=\"allow-scripts\" security=\"restricted\" src=\"https:\/\/batijournal.com\/index.php\/restaurations-a-notre-dame-et-a-lopera-garnier\/80958\/embed\/#?secret=1veRhLYbkf\" width=\"600\" height=\"338\" title=\"\u00ab\u00a0Restaurations \u00e0 Notre-Dame et \u00e0 l&rsquo;Op\u00e9ra Garnier\u00a0\u00bb &#8212; Batijournal\" data-secret=\"1veRhLYbkf\" frameborder=\"0\" marginwidth=\"0\" marginheight=\"0\" scrolling=\"no\" class=\"wp-embedded-content\"><\/iframe><script type=\"text\/javascript\">\n\/* <![CDATA[ *\/\n\/*! This file is auto-generated *\/\n!function(d,l){\"use strict\";l.querySelector&&d.addEventListener&&\"undefined\"!=typeof URL&&(d.wp=d.wp||{},d.wp.receiveEmbedMessage||(d.wp.receiveEmbedMessage=function(e){var t=e.data;if((t||t.secret||t.message||t.value)&&!\/[^a-zA-Z0-9]\/.test(t.secret)){for(var s,r,n,a=l.querySelectorAll('iframe[data-secret=\"'+t.secret+'\"]'),o=l.querySelectorAll('blockquote[data-secret=\"'+t.secret+'\"]'),c=new RegExp(\"^https?:$\",\"i\"),i=0;i<o.length;i++)o[i].style.display=\"none\";for(i=0;i<a.length;i++)s=a[i],e.source===s.contentWindow&&(s.removeAttribute(\"style\"),\"height\"===t.message?(1e3<(r=parseInt(t.value,10))?r=1e3:~~r<200&&(r=200),s.height=r):\"link\"===t.message&&(r=new URL(s.getAttribute(\"src\")),n=new URL(t.value),c.test(n.protocol))&&n.host===r.host&&l.activeElement===s&&(d.top.location.href=t.value))}},d.addEventListener(\"message\",d.wp.receiveEmbedMessage,!1),l.addEventListener(\"DOMContentLoaded\",function(){for(var e,t,s=l.querySelectorAll(\"iframe.wp-embedded-content\"),r=0;r<s.length;r++)(t=(e=s[r]).getAttribute(\"data-secret\"))||(t=Math.random().toString(36).substring(2,12),e.src+=\"#?secret=\"+t,e.setAttribute(\"data-secret\",t)),e.contentWindow.postMessage({message:\"ready\",secret:t},\"*\")},!1)))}(window,document);\n\/\/# sourceURL=https:\/\/batijournal.com\/wp-includes\/js\/wp-embed.min.js\n\/* ]]> *\/\n<\/script>\n","description":"Patrick Devedjian, ministre charg\u00e9 de la mise en oeuvre du plan de relance et Fr\u00e9d\u00e9ric Mitterrand, se sont rendus sur deux des chantiers embl\u00e9matiques au titre du volet patrimoine culturel du plan de relance que sont la Cath\u00e9drale Notre-Dame de Paris et l&rsquo;\u0092Op\u00e9ra national \u0096 Garnier. Le chantier de Notre-Dame de Paris concerne les cr\u00eates [&hellip;]"}

Restaurations à Notre-Dame et à l'Opéra Garnier

<blockquote class="wp-embedded-content" data-secret="1veRhLYbkf"><a href="https://batijournal.com/index.php/restaurations-a-notre-dame-et-a-lopera-garnier/80958/">Restaurations à Notre-Dame et à l&rsquo;Opéra Garnier</a></blockquote><iframe sandbox="allow-scripts" security="restricted" src="https://batijournal.com/index.php/restaurations-a-notre-dame-et-a-lopera-garnier/80958/embed/#?secret=1veRhLYbkf" width="600" height="338" title="« Restaurations à Notre-Dame et à l&rsquo;Opéra Garnier » &#8212; Batijournal" data-secret="1veRhLYbkf" frameborder="0" marginwidth="0" marginheight="0" scrolling="no" class="wp-embedded-content"></iframe><script type="text/javascript">
/* <![CDATA[ */
/*! This file is auto-generated */
!function(d,l){"use strict";l.querySelector&&d.addEventListener&&"undefined"!=typeof URL&&(d.wp=d.wp||{},d.wp.receiveEmbedMessage||(d.wp.receiveEmbedMessage=function(e){var t=e.data;if((t||t.secret||t.message||t.value)&&!/[^a-zA-Z0-9]/.test(t.secret)){for(var s,r,n,a=l.querySelectorAll('iframe[data-secret="'+t.secret+'"]'),o=l.querySelectorAll('blockquote[data-secret="'+t.secret+'"]'),c=new RegExp("^https?:$","i"),i=0;i<o.length;i++)o[i].style.display="none";for(i=0;i<a.length;i++)s=a[i],e.source===s.contentWindow&&(s.removeAttribute("style"),"height"===t.message?(1e3<(r=parseInt(t.value,10))?r=1e3:~~r<200&&(r=200),s.height=r):"link"===t.message&&(r=new URL(s.getAttribute("src")),n=new URL(t.value),c.test(n.protocol))&&n.host===r.host&&l.activeElement===s&&(d.top.location.href=t.value))}},d.addEventListener("message",d.wp.receiveEmbedMessage,!1),l.addEventListener("DOMContentLoaded",function(){for(var e,t,s=l.querySelectorAll("iframe.wp-embedded-content"),r=0;r<s.length;r++)(t=(e=s[r]).getAttribute("data-secret"))||(t=Math.random().toString(36).substring(2,12),e.src+="#?secret="+t,e.setAttribute("data-secret",t)),e.contentWindow.postMessage({message:"ready",secret:t},"*")},!1)))}(window,document);
//# sourceURL=https://batijournal.com/wp-includes/js/wp-embed.min.js
/* ]]> */
</script>

Patrick Devedjian, ministre chargé de la mise en oeuvre du plan de relance et Frédéric Mitterrand, se sont rendus sur deux des chantiers emblématiques au titre du volet patrimoine culturel du plan de relance que sont la Cathédrale Notre-Dame de Paris et l&rsquo;Opéra national  Garnier. Le chantier de Notre-Dame de Paris concerne les crêtes [&hellip;]
