{"version":"1.0","provider_name":"Batijournal","provider_url":"https:\/\/batijournal.com","author_name":"Bati-journal","author_url":"https:\/\/batijournal.com\/index.php\/author\/elodie\/","title":"R\u00e9union autour du d\u00e9veloppement durable","type":"rich","width":600,"height":338,"html":"<blockquote class=\"wp-embedded-content\" data-secret=\"UGaWe2iYf6\"><a href=\"https:\/\/batijournal.com\/index.php\/reunion-autour-du-developpement-durable\/80051\/\">R\u00e9union autour du d\u00e9veloppement durable<\/a><\/blockquote><iframe sandbox=\"allow-scripts\" security=\"restricted\" src=\"https:\/\/batijournal.com\/index.php\/reunion-autour-du-developpement-durable\/80051\/embed\/#?secret=UGaWe2iYf6\" width=\"600\" height=\"338\" title=\"\u00ab\u00a0R\u00e9union autour du d\u00e9veloppement durable\u00a0\u00bb &#8212; Batijournal\" data-secret=\"UGaWe2iYf6\" frameborder=\"0\" marginwidth=\"0\" marginheight=\"0\" scrolling=\"no\" class=\"wp-embedded-content\"><\/iframe><script type=\"text\/javascript\">\n\/* <![CDATA[ *\/\n\/*! This file is auto-generated *\/\n!function(d,l){\"use strict\";l.querySelector&&d.addEventListener&&\"undefined\"!=typeof URL&&(d.wp=d.wp||{},d.wp.receiveEmbedMessage||(d.wp.receiveEmbedMessage=function(e){var t=e.data;if((t||t.secret||t.message||t.value)&&!\/[^a-zA-Z0-9]\/.test(t.secret)){for(var s,r,n,a=l.querySelectorAll('iframe[data-secret=\"'+t.secret+'\"]'),o=l.querySelectorAll('blockquote[data-secret=\"'+t.secret+'\"]'),c=new RegExp(\"^https?:$\",\"i\"),i=0;i<o.length;i++)o[i].style.display=\"none\";for(i=0;i<a.length;i++)s=a[i],e.source===s.contentWindow&&(s.removeAttribute(\"style\"),\"height\"===t.message?(1e3<(r=parseInt(t.value,10))?r=1e3:~~r<200&&(r=200),s.height=r):\"link\"===t.message&&(r=new URL(s.getAttribute(\"src\")),n=new URL(t.value),c.test(n.protocol))&&n.host===r.host&&l.activeElement===s&&(d.top.location.href=t.value))}},d.addEventListener(\"message\",d.wp.receiveEmbedMessage,!1),l.addEventListener(\"DOMContentLoaded\",function(){for(var e,t,s=l.querySelectorAll(\"iframe.wp-embedded-content\"),r=0;r<s.length;r++)(t=(e=s[r]).getAttribute(\"data-secret\"))||(t=Math.random().toString(36).substring(2,12),e.src+=\"#?secret=\"+t,e.setAttribute(\"data-secret\",t)),e.contentWindow.postMessage({message:\"ready\",secret:t},\"*\")},!1)))}(window,document);\n\/\/# sourceURL=https:\/\/batijournal.com\/wp-includes\/js\/wp-embed.min.js\n\/* ]]> *\/\n<\/script>\n","description":"Les professionnels de la construction bois sont attendus au colloque \u201cLe bois au coeur du d\u00e9veloppement durable\u201c, organis\u00e9 par la F\u00e9d\u00e9ration fran\u00e7aise du b\u00e2timent Gironde et la Chambre syndicale des entreprises de charpentes menuiserie et parquets. Maison passive, \u00e9coquartiers, la maison bois ne repr\u00e9sente aujourd&rsquo;hui que 0,9 % du march\u00e9 collectif, mais les r\u00e9flexions sur [&hellip;]"}

Réunion autour du développement durable

<blockquote class="wp-embedded-content" data-secret="UGaWe2iYf6"><a href="https://batijournal.com/index.php/reunion-autour-du-developpement-durable/80051/">Réunion autour du développement durable</a></blockquote><iframe sandbox="allow-scripts" security="restricted" src="https://batijournal.com/index.php/reunion-autour-du-developpement-durable/80051/embed/#?secret=UGaWe2iYf6" width="600" height="338" title="« Réunion autour du développement durable » &#8212; Batijournal" data-secret="UGaWe2iYf6" frameborder="0" marginwidth="0" marginheight="0" scrolling="no" class="wp-embedded-content"></iframe><script type="text/javascript">
/* <![CDATA[ */
/*! This file is auto-generated */
!function(d,l){"use strict";l.querySelector&&d.addEventListener&&"undefined"!=typeof URL&&(d.wp=d.wp||{},d.wp.receiveEmbedMessage||(d.wp.receiveEmbedMessage=function(e){var t=e.data;if((t||t.secret||t.message||t.value)&&!/[^a-zA-Z0-9]/.test(t.secret)){for(var s,r,n,a=l.querySelectorAll('iframe[data-secret="'+t.secret+'"]'),o=l.querySelectorAll('blockquote[data-secret="'+t.secret+'"]'),c=new RegExp("^https?:$","i"),i=0;i<o.length;i++)o[i].style.display="none";for(i=0;i<a.length;i++)s=a[i],e.source===s.contentWindow&&(s.removeAttribute("style"),"height"===t.message?(1e3<(r=parseInt(t.value,10))?r=1e3:~~r<200&&(r=200),s.height=r):"link"===t.message&&(r=new URL(s.getAttribute("src")),n=new URL(t.value),c.test(n.protocol))&&n.host===r.host&&l.activeElement===s&&(d.top.location.href=t.value))}},d.addEventListener("message",d.wp.receiveEmbedMessage,!1),l.addEventListener("DOMContentLoaded",function(){for(var e,t,s=l.querySelectorAll("iframe.wp-embedded-content"),r=0;r<s.length;r++)(t=(e=s[r]).getAttribute("data-secret"))||(t=Math.random().toString(36).substring(2,12),e.src+="#?secret="+t,e.setAttribute("data-secret",t)),e.contentWindow.postMessage({message:"ready",secret:t},"*")},!1)))}(window,document);
//# sourceURL=https://batijournal.com/wp-includes/js/wp-embed.min.js
/* ]]> */
</script>

Les professionnels de la construction bois sont attendus au colloque “Le bois au coeur du développement durable“, organisé par la Fédération française du bâtiment Gironde et la Chambre syndicale des entreprises de charpentes menuiserie et parquets. Maison passive, écoquartiers, la maison bois ne représente aujourd&rsquo;hui que 0,9 % du marché collectif, mais les réflexions sur [&hellip;]
