{"version":"1.0","provider_name":"Batijournal","provider_url":"https:\/\/batijournal.com","author_name":"Bati-journal","author_url":"https:\/\/batijournal.com\/index.php\/author\/elodie\/","title":"Salon europ\u00e9en du bois et de l'habitat durable","type":"rich","width":600,"height":338,"html":"<blockquote class=\"wp-embedded-content\" data-secret=\"uMIs7AaRjw\"><a href=\"https:\/\/batijournal.com\/index.php\/salon-europeen-du-bois-et-de-lhabitat-durable\/80151\/\">Salon europ\u00e9en du bois et de l&rsquo;habitat durable<\/a><\/blockquote><iframe sandbox=\"allow-scripts\" security=\"restricted\" src=\"https:\/\/batijournal.com\/index.php\/salon-europeen-du-bois-et-de-lhabitat-durable\/80151\/embed\/#?secret=uMIs7AaRjw\" width=\"600\" height=\"338\" title=\"\u00ab\u00a0Salon europ\u00e9en du bois et de l&rsquo;habitat durable\u00a0\u00bb &#8212; Batijournal\" data-secret=\"uMIs7AaRjw\" frameborder=\"0\" marginwidth=\"0\" marginheight=\"0\" scrolling=\"no\" class=\"wp-embedded-content\"><\/iframe><script type=\"text\/javascript\">\n\/* <![CDATA[ *\/\n\/*! This file is auto-generated *\/\n!function(d,l){\"use strict\";l.querySelector&&d.addEventListener&&\"undefined\"!=typeof URL&&(d.wp=d.wp||{},d.wp.receiveEmbedMessage||(d.wp.receiveEmbedMessage=function(e){var t=e.data;if((t||t.secret||t.message||t.value)&&!\/[^a-zA-Z0-9]\/.test(t.secret)){for(var s,r,n,a=l.querySelectorAll('iframe[data-secret=\"'+t.secret+'\"]'),o=l.querySelectorAll('blockquote[data-secret=\"'+t.secret+'\"]'),c=new RegExp(\"^https?:$\",\"i\"),i=0;i<o.length;i++)o[i].style.display=\"none\";for(i=0;i<a.length;i++)s=a[i],e.source===s.contentWindow&&(s.removeAttribute(\"style\"),\"height\"===t.message?(1e3<(r=parseInt(t.value,10))?r=1e3:~~r<200&&(r=200),s.height=r):\"link\"===t.message&&(r=new URL(s.getAttribute(\"src\")),n=new URL(t.value),c.test(n.protocol))&&n.host===r.host&&l.activeElement===s&&(d.top.location.href=t.value))}},d.addEventListener(\"message\",d.wp.receiveEmbedMessage,!1),l.addEventListener(\"DOMContentLoaded\",function(){for(var e,t,s=l.querySelectorAll(\"iframe.wp-embedded-content\"),r=0;r<s.length;r++)(t=(e=s[r]).getAttribute(\"data-secret\"))||(t=Math.random().toString(36).substring(2,12),e.src+=\"#?secret=\"+t,e.setAttribute(\"data-secret\",t)),e.contentWindow.postMessage({message:\"ready\",secret:t},\"*\")},!1)))}(window,document);\n\/\/# sourceURL=https:\/\/batijournal.com\/wp-includes\/js\/wp-embed.min.js\n\/* ]]> *\/\n<\/script>\n","thumbnail_url":"https:\/\/batijournal.com\/wp-content\/uploads\/2015\/03\/01794691.jpg","thumbnail_width":600,"thumbnail_height":468,"description":"Pour sa 7e \u00e9dition, ce salon pr\u00e9sentera les derni\u00e8res \u00e9volutions et l&rsquo;\u00e9tendue de l&rsquo;offre existante dans les domaines de la maison bois et des \u00e9nergies renouvelables. De nombreux temps forts viendront rythmer cet \u00e9v\u00e9nement, notamment des pr\u00e9sentations de maisons grandeur nature, de projets et de r\u00e9alisations d\u0092&rsquo;architectes, des conf\u00e9rences et ateliers, l&rsquo;espace \u00e9nergies renouvelables, le [&hellip;]"}

Salon européen du bois et de l'habitat durable

<blockquote class="wp-embedded-content" data-secret="uMIs7AaRjw"><a href="https://batijournal.com/index.php/salon-europeen-du-bois-et-de-lhabitat-durable/80151/">Salon européen du bois et de l&rsquo;habitat durable</a></blockquote><iframe sandbox="allow-scripts" security="restricted" src="https://batijournal.com/index.php/salon-europeen-du-bois-et-de-lhabitat-durable/80151/embed/#?secret=uMIs7AaRjw" width="600" height="338" title="« Salon européen du bois et de l&rsquo;habitat durable » &#8212; Batijournal" data-secret="uMIs7AaRjw" frameborder="0" marginwidth="0" marginheight="0" scrolling="no" class="wp-embedded-content"></iframe><script type="text/javascript">
/* <![CDATA[ */
/*! This file is auto-generated */
!function(d,l){"use strict";l.querySelector&&d.addEventListener&&"undefined"!=typeof URL&&(d.wp=d.wp||{},d.wp.receiveEmbedMessage||(d.wp.receiveEmbedMessage=function(e){var t=e.data;if((t||t.secret||t.message||t.value)&&!/[^a-zA-Z0-9]/.test(t.secret)){for(var s,r,n,a=l.querySelectorAll('iframe[data-secret="'+t.secret+'"]'),o=l.querySelectorAll('blockquote[data-secret="'+t.secret+'"]'),c=new RegExp("^https?:$","i"),i=0;i<o.length;i++)o[i].style.display="none";for(i=0;i<a.length;i++)s=a[i],e.source===s.contentWindow&&(s.removeAttribute("style"),"height"===t.message?(1e3<(r=parseInt(t.value,10))?r=1e3:~~r<200&&(r=200),s.height=r):"link"===t.message&&(r=new URL(s.getAttribute("src")),n=new URL(t.value),c.test(n.protocol))&&n.host===r.host&&l.activeElement===s&&(d.top.location.href=t.value))}},d.addEventListener("message",d.wp.receiveEmbedMessage,!1),l.addEventListener("DOMContentLoaded",function(){for(var e,t,s=l.querySelectorAll("iframe.wp-embedded-content"),r=0;r<s.length;r++)(t=(e=s[r]).getAttribute("data-secret"))||(t=Math.random().toString(36).substring(2,12),e.src+="#?secret="+t,e.setAttribute("data-secret",t)),e.contentWindow.postMessage({message:"ready",secret:t},"*")},!1)))}(window,document);
//# sourceURL=https://batijournal.com/wp-includes/js/wp-embed.min.js
/* ]]> */
</script>

Pour sa 7e édition, ce salon présentera les dernières évolutions et l&rsquo;étendue de l&rsquo;offre existante dans les domaines de la maison bois et des énergies renouvelables. De nombreux temps forts viendront rythmer cet événement, notamment des présentations de maisons grandeur nature, de projets et de réalisations d&rsquo;architectes, des conférences et ateliers, l&rsquo;espace énergies renouvelables, le [&hellip;]
