{"version":"1.0","provider_name":"Batijournal","provider_url":"https:\/\/batijournal.com","author_name":"St\u00e9phane Miget","author_url":"https:\/\/batijournal.com\/index.php\/author\/stephane\/","title":"Sylviculteurs et industriels de la fili\u00e8re bois signent une charte","type":"rich","width":600,"height":338,"html":"<blockquote class=\"wp-embedded-content\" data-secret=\"JQi8gyLKsJ\"><a href=\"https:\/\/batijournal.com\/index.php\/sylviculteurs-industriels-de-filiere-bois-signent-charte\/94069\/\">Sylviculteurs et industriels de la fili\u00e8re bois signent une charte<\/a><\/blockquote><iframe sandbox=\"allow-scripts\" security=\"restricted\" src=\"https:\/\/batijournal.com\/index.php\/sylviculteurs-industriels-de-filiere-bois-signent-charte\/94069\/embed\/#?secret=JQi8gyLKsJ\" width=\"600\" height=\"338\" title=\"\u00ab\u00a0Sylviculteurs et industriels de la fili\u00e8re bois signent une charte\u00a0\u00bb &#8212; Batijournal\" data-secret=\"JQi8gyLKsJ\" frameborder=\"0\" marginwidth=\"0\" marginheight=\"0\" scrolling=\"no\" class=\"wp-embedded-content\"><\/iframe><script type=\"text\/javascript\">\n\/* <![CDATA[ *\/\n\/*! This file is auto-generated *\/\n!function(d,l){\"use strict\";l.querySelector&&d.addEventListener&&\"undefined\"!=typeof URL&&(d.wp=d.wp||{},d.wp.receiveEmbedMessage||(d.wp.receiveEmbedMessage=function(e){var t=e.data;if((t||t.secret||t.message||t.value)&&!\/[^a-zA-Z0-9]\/.test(t.secret)){for(var s,r,n,a=l.querySelectorAll('iframe[data-secret=\"'+t.secret+'\"]'),o=l.querySelectorAll('blockquote[data-secret=\"'+t.secret+'\"]'),c=new RegExp(\"^https?:$\",\"i\"),i=0;i<o.length;i++)o[i].style.display=\"none\";for(i=0;i<a.length;i++)s=a[i],e.source===s.contentWindow&&(s.removeAttribute(\"style\"),\"height\"===t.message?(1e3<(r=parseInt(t.value,10))?r=1e3:~~r<200&&(r=200),s.height=r):\"link\"===t.message&&(r=new URL(s.getAttribute(\"src\")),n=new URL(t.value),c.test(n.protocol))&&n.host===r.host&&l.activeElement===s&&(d.top.location.href=t.value))}},d.addEventListener(\"message\",d.wp.receiveEmbedMessage,!1),l.addEventListener(\"DOMContentLoaded\",function(){for(var e,t,s=l.querySelectorAll(\"iframe.wp-embedded-content\"),r=0;r<s.length;r++)(t=(e=s[r]).getAttribute(\"data-secret\"))||(t=Math.random().toString(36).substring(2,12),e.src+=\"#?secret=\"+t,e.setAttribute(\"data-secret\",t)),e.contentWindow.postMessage({message:\"ready\",secret:t},\"*\")},!1)))}(window,document);\n\/\/# sourceURL=https:\/\/batijournal.com\/wp-includes\/js\/wp-embed.min.js\n\/* ]]> *\/\n<\/script>\n","thumbnail_url":"https:\/\/batijournal.com\/wp-content\/uploads\/2015\/10\/bois-local.jpg","thumbnail_width":1000,"thumbnail_height":602,"description":"Sous l\u2019\u00e9gide du Comit\u00e9 Strat\u00e9gique de Fili\u00e8re Bois, neuf f\u00e9d\u00e9rations professionnelles et l\u2019ONF, repr\u00e9sentant l\u2019int\u00e9gralit\u00e9 des producteurs forestiers avec les secteurs de la premi\u00e8re transformation du bois, ont sign\u00e9 le 12 octobre dernier la premi\u00e8re charte en faveur de la contractualisation de leurs approvisionnements en mati\u00e8re premi\u00e8re. \u00a0L&rsquo;objectif est de d\u00e9velopper la mise en \u0153uvre [&hellip;]"}

Stéphane Miget

Sylviculteurs et industriels de la filière bois signent une charte

<blockquote class="wp-embedded-content" data-secret="JQi8gyLKsJ"><a href="https://batijournal.com/index.php/sylviculteurs-industriels-de-filiere-bois-signent-charte/94069/">Sylviculteurs et industriels de la filière bois signent une charte</a></blockquote><iframe sandbox="allow-scripts" security="restricted" src="https://batijournal.com/index.php/sylviculteurs-industriels-de-filiere-bois-signent-charte/94069/embed/#?secret=JQi8gyLKsJ" width="600" height="338" title="« Sylviculteurs et industriels de la filière bois signent une charte » &#8212; Batijournal" data-secret="JQi8gyLKsJ" frameborder="0" marginwidth="0" marginheight="0" scrolling="no" class="wp-embedded-content"></iframe><script type="text/javascript">
/* <![CDATA[ */
/*! This file is auto-generated */
!function(d,l){"use strict";l.querySelector&&d.addEventListener&&"undefined"!=typeof URL&&(d.wp=d.wp||{},d.wp.receiveEmbedMessage||(d.wp.receiveEmbedMessage=function(e){var t=e.data;if((t||t.secret||t.message||t.value)&&!/[^a-zA-Z0-9]/.test(t.secret)){for(var s,r,n,a=l.querySelectorAll('iframe[data-secret="'+t.secret+'"]'),o=l.querySelectorAll('blockquote[data-secret="'+t.secret+'"]'),c=new RegExp("^https?:$","i"),i=0;i<o.length;i++)o[i].style.display="none";for(i=0;i<a.length;i++)s=a[i],e.source===s.contentWindow&&(s.removeAttribute("style"),"height"===t.message?(1e3<(r=parseInt(t.value,10))?r=1e3:~~r<200&&(r=200),s.height=r):"link"===t.message&&(r=new URL(s.getAttribute("src")),n=new URL(t.value),c.test(n.protocol))&&n.host===r.host&&l.activeElement===s&&(d.top.location.href=t.value))}},d.addEventListener("message",d.wp.receiveEmbedMessage,!1),l.addEventListener("DOMContentLoaded",function(){for(var e,t,s=l.querySelectorAll("iframe.wp-embedded-content"),r=0;r<s.length;r++)(t=(e=s[r]).getAttribute("data-secret"))||(t=Math.random().toString(36).substring(2,12),e.src+="#?secret="+t,e.setAttribute("data-secret",t)),e.contentWindow.postMessage({message:"ready",secret:t},"*")},!1)))}(window,document);
//# sourceURL=https://batijournal.com/wp-includes/js/wp-embed.min.js
/* ]]> */
</script>

Sous l’égide du Comité Stratégique de Filière Bois, neuf fédérations professionnelles et l’ONF, représentant l’intégralité des producteurs forestiers avec les secteurs de la première transformation du bois, ont signé le 12 octobre dernier la première charte en faveur de la contractualisation de leurs approvisionnements en matière première.  L&rsquo;objectif est de développer la mise en œuvre [&hellip;]
