{"version":"1.0","provider_name":"Batijournal","provider_url":"https:\/\/batijournal.com","author_name":"Bati-journal","author_url":"https:\/\/batijournal.com\/index.php\/author\/elodie\/","title":"Terrasse en bois composite ou l\u2019art du recyclage","type":"rich","width":600,"height":338,"html":"<blockquote class=\"wp-embedded-content\" data-secret=\"FTZlL5hjQb\"><a href=\"https:\/\/batijournal.com\/index.php\/terrasse-en-bois-composite-ou-lart-du-recyclage\/77678\/\">Terrasse en bois composite ou l\u2019art du recyclage<\/a><\/blockquote><iframe sandbox=\"allow-scripts\" security=\"restricted\" src=\"https:\/\/batijournal.com\/index.php\/terrasse-en-bois-composite-ou-lart-du-recyclage\/77678\/embed\/#?secret=FTZlL5hjQb\" width=\"600\" height=\"338\" title=\"\u00ab\u00a0Terrasse en bois composite ou l\u2019art du recyclage\u00a0\u00bb &#8212; Batijournal\" data-secret=\"FTZlL5hjQb\" frameborder=\"0\" marginwidth=\"0\" marginheight=\"0\" scrolling=\"no\" class=\"wp-embedded-content\"><\/iframe><script type=\"text\/javascript\">\n\/* <![CDATA[ *\/\n\/*! This file is auto-generated *\/\n!function(d,l){\"use strict\";l.querySelector&&d.addEventListener&&\"undefined\"!=typeof URL&&(d.wp=d.wp||{},d.wp.receiveEmbedMessage||(d.wp.receiveEmbedMessage=function(e){var t=e.data;if((t||t.secret||t.message||t.value)&&!\/[^a-zA-Z0-9]\/.test(t.secret)){for(var s,r,n,a=l.querySelectorAll('iframe[data-secret=\"'+t.secret+'\"]'),o=l.querySelectorAll('blockquote[data-secret=\"'+t.secret+'\"]'),c=new RegExp(\"^https?:$\",\"i\"),i=0;i<o.length;i++)o[i].style.display=\"none\";for(i=0;i<a.length;i++)s=a[i],e.source===s.contentWindow&&(s.removeAttribute(\"style\"),\"height\"===t.message?(1e3<(r=parseInt(t.value,10))?r=1e3:~~r<200&&(r=200),s.height=r):\"link\"===t.message&&(r=new URL(s.getAttribute(\"src\")),n=new URL(t.value),c.test(n.protocol))&&n.host===r.host&&l.activeElement===s&&(d.top.location.href=t.value))}},d.addEventListener(\"message\",d.wp.receiveEmbedMessage,!1),l.addEventListener(\"DOMContentLoaded\",function(){for(var e,t,s=l.querySelectorAll(\"iframe.wp-embedded-content\"),r=0;r<s.length;r++)(t=(e=s[r]).getAttribute(\"data-secret\"))||(t=Math.random().toString(36).substring(2,12),e.src+=\"#?secret=\"+t,e.setAttribute(\"data-secret\",t)),e.contentWindow.postMessage({message:\"ready\",secret:t},\"*\")},!1)))}(window,document);\n\/\/# sourceURL=https:\/\/batijournal.com\/wp-includes\/js\/wp-embed.min.js\n\/* ]]> *\/\n<\/script>\n","thumbnail_url":"https:\/\/batijournal.com\/wp-content\/uploads\/2015\/03\/25480960.jpg","thumbnail_width":399,"thumbnail_height":599,"description":"UPM, premier fabricant \u00e0 obtenir la marque CE pour son syst\u00e8me de terrasse en bois composite\/plastique \u2013 UPM ProFi \u2013, vient \u00e9galement d\u2019obtenir la certification PEFC de sa cha\u00eene de contr\u00f4le pour ses produits composites. La certification PEFC v\u00e9rifie le lien avec les for\u00eats g\u00e9r\u00e9es de mani\u00e8re durable et atteste que la mati\u00e8re premi\u00e8re des [&hellip;]"}

UPM, premier fabricant à obtenir la marque CE pour son système de terrasse en bois composite/plastique – UPM ProFi –, vient également d’obtenir la certification PEFC de sa chaîne de contrôle pour ses produits composites. La certification PEFC vérifie le lien avec les forêts gérées de manière durable et atteste que la matière première des [&hellip;]
