{"version":"1.0","provider_name":"Batijournal","provider_url":"https:\/\/batijournal.com","author_name":"St\u00e9phane Miget","author_url":"https:\/\/batijournal.com\/index.php\/author\/stephane\/","title":"Les TPE et PME refusent d'\u00eatre marginalis\u00e9es par la loi El Khomri","type":"rich","width":600,"height":338,"html":"<blockquote class=\"wp-embedded-content\" data-secret=\"229i8ouFKI\"><a href=\"https:\/\/batijournal.com\/index.php\/tpe-pme-refusent-detre-marginalisees-loi-el-khomri\/92419\/\">Les TPE et PME refusent d&rsquo;\u00eatre marginalis\u00e9es par la loi El Khomri<\/a><\/blockquote><iframe sandbox=\"allow-scripts\" security=\"restricted\" src=\"https:\/\/batijournal.com\/index.php\/tpe-pme-refusent-detre-marginalisees-loi-el-khomri\/92419\/embed\/#?secret=229i8ouFKI\" width=\"600\" height=\"338\" title=\"\u00ab\u00a0Les TPE et PME refusent d&rsquo;\u00eatre marginalis\u00e9es par la loi El Khomri\u00a0\u00bb &#8212; Batijournal\" data-secret=\"229i8ouFKI\" frameborder=\"0\" marginwidth=\"0\" marginheight=\"0\" scrolling=\"no\" class=\"wp-embedded-content\"><\/iframe><script type=\"text\/javascript\">\n\/* <![CDATA[ *\/\n\/*! This file is auto-generated *\/\n!function(d,l){\"use strict\";l.querySelector&&d.addEventListener&&\"undefined\"!=typeof URL&&(d.wp=d.wp||{},d.wp.receiveEmbedMessage||(d.wp.receiveEmbedMessage=function(e){var t=e.data;if((t||t.secret||t.message||t.value)&&!\/[^a-zA-Z0-9]\/.test(t.secret)){for(var s,r,n,a=l.querySelectorAll('iframe[data-secret=\"'+t.secret+'\"]'),o=l.querySelectorAll('blockquote[data-secret=\"'+t.secret+'\"]'),c=new RegExp(\"^https?:$\",\"i\"),i=0;i<o.length;i++)o[i].style.display=\"none\";for(i=0;i<a.length;i++)s=a[i],e.source===s.contentWindow&&(s.removeAttribute(\"style\"),\"height\"===t.message?(1e3<(r=parseInt(t.value,10))?r=1e3:~~r<200&&(r=200),s.height=r):\"link\"===t.message&&(r=new URL(s.getAttribute(\"src\")),n=new URL(t.value),c.test(n.protocol))&&n.host===r.host&&l.activeElement===s&&(d.top.location.href=t.value))}},d.addEventListener(\"message\",d.wp.receiveEmbedMessage,!1),l.addEventListener(\"DOMContentLoaded\",function(){for(var e,t,s=l.querySelectorAll(\"iframe.wp-embedded-content\"),r=0;r<s.length;r++)(t=(e=s[r]).getAttribute(\"data-secret\"))||(t=Math.random().toString(36).substring(2,12),e.src+=\"#?secret=\"+t,e.setAttribute(\"data-secret\",t)),e.contentWindow.postMessage({message:\"ready\",secret:t},\"*\")},!1)))}(window,document);\n\/\/# sourceURL=https:\/\/batijournal.com\/wp-includes\/js\/wp-embed.min.js\n\/* ]]> *\/\n<\/script>\n","thumbnail_url":"https:\/\/batijournal.com\/wp-content\/uploads\/2016\/04\/tpe-pme-ballonnees.png","thumbnail_width":654,"thumbnail_height":701,"description":"L\u2019UNAPL, l\u2019UPA et l\u2019UDES ont d\u00e9cid\u00e9 d\u2019unir leurs forces au niveau national pour que les artisans, commer\u00e7ants, professionnels lib\u00e9raux et les acteurs de l\u2019\u00e9conomie sociale ne soient pas marginalis\u00e9s et litt\u00e9ralement \u00ab b\u00e2illonn\u00e9es \u00bb dans le dialogue social. Les trois organisations ont d\u00e9cid\u00e9 d\u2019alerter les lecteurs de la presse quotidienne r\u00e9gionale au moyen d\u2019une insertion [&hellip;]"}

Stéphane Miget

Les TPE et PME refusent d'être marginalisées par la loi El Khomri

<blockquote class="wp-embedded-content" data-secret="229i8ouFKI"><a href="https://batijournal.com/index.php/tpe-pme-refusent-detre-marginalisees-loi-el-khomri/92419/">Les TPE et PME refusent d&rsquo;être marginalisées par la loi El Khomri</a></blockquote><iframe sandbox="allow-scripts" security="restricted" src="https://batijournal.com/index.php/tpe-pme-refusent-detre-marginalisees-loi-el-khomri/92419/embed/#?secret=229i8ouFKI" width="600" height="338" title="« Les TPE et PME refusent d&rsquo;être marginalisées par la loi El Khomri » &#8212; Batijournal" data-secret="229i8ouFKI" frameborder="0" marginwidth="0" marginheight="0" scrolling="no" class="wp-embedded-content"></iframe><script type="text/javascript">
/* <![CDATA[ */
/*! This file is auto-generated */
!function(d,l){"use strict";l.querySelector&&d.addEventListener&&"undefined"!=typeof URL&&(d.wp=d.wp||{},d.wp.receiveEmbedMessage||(d.wp.receiveEmbedMessage=function(e){var t=e.data;if((t||t.secret||t.message||t.value)&&!/[^a-zA-Z0-9]/.test(t.secret)){for(var s,r,n,a=l.querySelectorAll('iframe[data-secret="'+t.secret+'"]'),o=l.querySelectorAll('blockquote[data-secret="'+t.secret+'"]'),c=new RegExp("^https?:$","i"),i=0;i<o.length;i++)o[i].style.display="none";for(i=0;i<a.length;i++)s=a[i],e.source===s.contentWindow&&(s.removeAttribute("style"),"height"===t.message?(1e3<(r=parseInt(t.value,10))?r=1e3:~~r<200&&(r=200),s.height=r):"link"===t.message&&(r=new URL(s.getAttribute("src")),n=new URL(t.value),c.test(n.protocol))&&n.host===r.host&&l.activeElement===s&&(d.top.location.href=t.value))}},d.addEventListener("message",d.wp.receiveEmbedMessage,!1),l.addEventListener("DOMContentLoaded",function(){for(var e,t,s=l.querySelectorAll("iframe.wp-embedded-content"),r=0;r<s.length;r++)(t=(e=s[r]).getAttribute("data-secret"))||(t=Math.random().toString(36).substring(2,12),e.src+="#?secret="+t,e.setAttribute("data-secret",t)),e.contentWindow.postMessage({message:"ready",secret:t},"*")},!1)))}(window,document);
//# sourceURL=https://batijournal.com/wp-includes/js/wp-embed.min.js
/* ]]> */
</script>

L’UNAPL, l’UPA et l’UDES ont décidé d’unir leurs forces au niveau national pour que les artisans, commerçants, professionnels libéraux et les acteurs de l’économie sociale ne soient pas marginalisés et littéralement « bâillonnées » dans le dialogue social. Les trois organisations ont décidé d’alerter les lecteurs de la presse quotidienne régionale au moyen d’une insertion [&hellip;]
