{"version":"1.0","provider_name":"Batijournal","provider_url":"https:\/\/batijournal.com","author_name":"Bati-journal","author_url":"https:\/\/batijournal.com\/index.php\/author\/elodie\/","title":"Un nouveau directeur commercial chez Witex","type":"rich","width":600,"height":338,"html":"<blockquote class=\"wp-embedded-content\" data-secret=\"XPEUQJfwS2\"><a href=\"https:\/\/batijournal.com\/index.php\/un-nouveau-directeur-commercial-chez-witex\/77987\/\">Un nouveau directeur commercial chez Witex<\/a><\/blockquote><iframe sandbox=\"allow-scripts\" security=\"restricted\" src=\"https:\/\/batijournal.com\/index.php\/un-nouveau-directeur-commercial-chez-witex\/77987\/embed\/#?secret=XPEUQJfwS2\" width=\"600\" height=\"338\" title=\"\u00ab\u00a0Un nouveau directeur commercial chez Witex\u00a0\u00bb &#8212; Batijournal\" data-secret=\"XPEUQJfwS2\" frameborder=\"0\" marginwidth=\"0\" marginheight=\"0\" scrolling=\"no\" class=\"wp-embedded-content\"><\/iframe><script type=\"text\/javascript\">\n\/* <![CDATA[ *\/\n\/*! This file is auto-generated *\/\n!function(d,l){\"use strict\";l.querySelector&&d.addEventListener&&\"undefined\"!=typeof URL&&(d.wp=d.wp||{},d.wp.receiveEmbedMessage||(d.wp.receiveEmbedMessage=function(e){var t=e.data;if((t||t.secret||t.message||t.value)&&!\/[^a-zA-Z0-9]\/.test(t.secret)){for(var s,r,n,a=l.querySelectorAll('iframe[data-secret=\"'+t.secret+'\"]'),o=l.querySelectorAll('blockquote[data-secret=\"'+t.secret+'\"]'),c=new RegExp(\"^https?:$\",\"i\"),i=0;i<o.length;i++)o[i].style.display=\"none\";for(i=0;i<a.length;i++)s=a[i],e.source===s.contentWindow&&(s.removeAttribute(\"style\"),\"height\"===t.message?(1e3<(r=parseInt(t.value,10))?r=1e3:~~r<200&&(r=200),s.height=r):\"link\"===t.message&&(r=new URL(s.getAttribute(\"src\")),n=new URL(t.value),c.test(n.protocol))&&n.host===r.host&&l.activeElement===s&&(d.top.location.href=t.value))}},d.addEventListener(\"message\",d.wp.receiveEmbedMessage,!1),l.addEventListener(\"DOMContentLoaded\",function(){for(var e,t,s=l.querySelectorAll(\"iframe.wp-embedded-content\"),r=0;r<s.length;r++)(t=(e=s[r]).getAttribute(\"data-secret\"))||(t=Math.random().toString(36).substring(2,12),e.src+=\"#?secret=\"+t,e.setAttribute(\"data-secret\",t)),e.contentWindow.postMessage({message:\"ready\",secret:t},\"*\")},!1)))}(window,document);\n\/\/# sourceURL=https:\/\/batijournal.com\/wp-includes\/js\/wp-embed.min.js\n\/* ]]> *\/\n<\/script>\n","thumbnail_url":"https:\/\/batijournal.com\/wp-content\/uploads\/2015\/03\/002624.jpg","thumbnail_width":458,"thumbnail_height":600,"description":"Jean-Claude Woehl va assurer la direction commerciale de Witex pour la France, o\u00f9 la marque allemande de sols stratifi\u00e9s est pr\u00e9sente depuis de nombreuses ann\u00e9es. Apr\u00e8s avoir d\u00e9marr\u00e9 sa carri\u00e8re \u00e0 La Laini\u00e8re de Roubaix en 1974, puis chez Bel Air, Jean-Claude Woehl, \u00e2g\u00e9 de 56 ans et dipl\u00f4m\u00e9 de l\u2019IESEG (Lille), en a men\u00e9 [&hellip;]"}

Jean-Claude Woehl va assurer la direction commerciale de Witex pour la France, où la marque allemande de sols stratifiés est présente depuis de nombreuses années. Après avoir démarré sa carrière à La Lainière de Roubaix en 1974, puis chez Bel Air, Jean-Claude Woehl, âgé de 56 ans et diplômé de l’IESEG (Lille), en a mené [&hellip;]
