{"version":"1.0","provider_name":"Batijournal","provider_url":"https:\/\/batijournal.com","author_name":"St\u00e9phane Miget","author_url":"https:\/\/batijournal.com\/index.php\/author\/stephane\/","title":"Le c\u00e9l\u00e8bre magasin la Rinascente \u00e0 Milan pare sa terrasse contre bruits et chaleur","type":"rich","width":600,"height":338,"html":"<blockquote class=\"wp-embedded-content\" data-secret=\"7DugMrln3S\"><a href=\"https:\/\/batijournal.com\/index.php\/v\/96913\/\">Le c\u00e9l\u00e8bre magasin la Rinascente \u00e0 Milan pare sa terrasse contre bruits et chaleur<\/a><\/blockquote><iframe sandbox=\"allow-scripts\" security=\"restricted\" src=\"https:\/\/batijournal.com\/index.php\/v\/96913\/embed\/#?secret=7DugMrln3S\" width=\"600\" height=\"338\" title=\"\u00ab\u00a0Le c\u00e9l\u00e8bre magasin la Rinascente \u00e0 Milan pare sa terrasse contre bruits et chaleur\u00a0\u00bb &#8212; Batijournal\" data-secret=\"7DugMrln3S\" frameborder=\"0\" marginwidth=\"0\" marginheight=\"0\" scrolling=\"no\" class=\"wp-embedded-content\"><\/iframe><script type=\"text\/javascript\">\n\/* <![CDATA[ *\/\n\/*! This file is auto-generated *\/\n!function(d,l){\"use strict\";l.querySelector&&d.addEventListener&&\"undefined\"!=typeof URL&&(d.wp=d.wp||{},d.wp.receiveEmbedMessage||(d.wp.receiveEmbedMessage=function(e){var t=e.data;if((t||t.secret||t.message||t.value)&&!\/[^a-zA-Z0-9]\/.test(t.secret)){for(var s,r,n,a=l.querySelectorAll('iframe[data-secret=\"'+t.secret+'\"]'),o=l.querySelectorAll('blockquote[data-secret=\"'+t.secret+'\"]'),c=new RegExp(\"^https?:$\",\"i\"),i=0;i<o.length;i++)o[i].style.display=\"none\";for(i=0;i<a.length;i++)s=a[i],e.source===s.contentWindow&&(s.removeAttribute(\"style\"),\"height\"===t.message?(1e3<(r=parseInt(t.value,10))?r=1e3:~~r<200&&(r=200),s.height=r):\"link\"===t.message&&(r=new URL(s.getAttribute(\"src\")),n=new URL(t.value),c.test(n.protocol))&&n.host===r.host&&l.activeElement===s&&(d.top.location.href=t.value))}},d.addEventListener(\"message\",d.wp.receiveEmbedMessage,!1),l.addEventListener(\"DOMContentLoaded\",function(){for(var e,t,s=l.querySelectorAll(\"iframe.wp-embedded-content\"),r=0;r<s.length;r++)(t=(e=s[r]).getAttribute(\"data-secret\"))||(t=Math.random().toString(36).substring(2,12),e.src+=\"#?secret=\"+t,e.setAttribute(\"data-secret\",t)),e.contentWindow.postMessage({message:\"ready\",secret:t},\"*\")},!1)))}(window,document);\n\/\/# sourceURL=https:\/\/batijournal.com\/wp-includes\/js\/wp-embed.min.js\n\/* ]]> *\/\n<\/script>\n","thumbnail_url":"https:\/\/batijournal.com\/wp-content\/uploads\/2017\/09\/magasin-la-Rinascente-Milan.png","thumbnail_width":1067,"thumbnail_height":683,"description":"En cette ann\u00e9e du centenaire de La Rinascente \u00e0 Milan, le magasin a r\u00e9serv\u00e9 son septi\u00e8me \u00e9tage \u00e0 un \u00ab Food Hall \u00bb, dans lequel alternent salles de restauration, espaces de vente de produits de haute gastronomie, et terrasse panoramique, tr\u00e8s appr\u00e9ci\u00e9e pour la vue exceptionnelle sur le Duomo. La structure en verre g\u00e9n\u00e8rait cependant [&hellip;]"}

Stéphane Miget

Le célèbre magasin la Rinascente à Milan pare sa terrasse contre bruits et chaleur

<blockquote class="wp-embedded-content" data-secret="7DugMrln3S"><a href="https://batijournal.com/index.php/v/96913/">Le célèbre magasin la Rinascente à Milan pare sa terrasse contre bruits et chaleur</a></blockquote><iframe sandbox="allow-scripts" security="restricted" src="https://batijournal.com/index.php/v/96913/embed/#?secret=7DugMrln3S" width="600" height="338" title="« Le célèbre magasin la Rinascente à Milan pare sa terrasse contre bruits et chaleur » &#8212; Batijournal" data-secret="7DugMrln3S" frameborder="0" marginwidth="0" marginheight="0" scrolling="no" class="wp-embedded-content"></iframe><script type="text/javascript">
/* <![CDATA[ */
/*! This file is auto-generated */
!function(d,l){"use strict";l.querySelector&&d.addEventListener&&"undefined"!=typeof URL&&(d.wp=d.wp||{},d.wp.receiveEmbedMessage||(d.wp.receiveEmbedMessage=function(e){var t=e.data;if((t||t.secret||t.message||t.value)&&!/[^a-zA-Z0-9]/.test(t.secret)){for(var s,r,n,a=l.querySelectorAll('iframe[data-secret="'+t.secret+'"]'),o=l.querySelectorAll('blockquote[data-secret="'+t.secret+'"]'),c=new RegExp("^https?:$","i"),i=0;i<o.length;i++)o[i].style.display="none";for(i=0;i<a.length;i++)s=a[i],e.source===s.contentWindow&&(s.removeAttribute("style"),"height"===t.message?(1e3<(r=parseInt(t.value,10))?r=1e3:~~r<200&&(r=200),s.height=r):"link"===t.message&&(r=new URL(s.getAttribute("src")),n=new URL(t.value),c.test(n.protocol))&&n.host===r.host&&l.activeElement===s&&(d.top.location.href=t.value))}},d.addEventListener("message",d.wp.receiveEmbedMessage,!1),l.addEventListener("DOMContentLoaded",function(){for(var e,t,s=l.querySelectorAll("iframe.wp-embedded-content"),r=0;r<s.length;r++)(t=(e=s[r]).getAttribute("data-secret"))||(t=Math.random().toString(36).substring(2,12),e.src+="#?secret="+t,e.setAttribute("data-secret",t)),e.contentWindow.postMessage({message:"ready",secret:t},"*")},!1)))}(window,document);
//# sourceURL=https://batijournal.com/wp-includes/js/wp-embed.min.js
/* ]]> */
</script>

En cette année du centenaire de La Rinascente à Milan, le magasin a réservé son septième étage à un « Food Hall », dans lequel alternent salles de restauration, espaces de vente de produits de haute gastronomie, et terrasse panoramique, très appréciée pour la vue exceptionnelle sur le Duomo. La structure en verre génèrait cependant [&hellip;]
