{"version":"1.0","provider_name":"Batijournal","provider_url":"https:\/\/batijournal.com","author_name":"St\u00e9phane Miget","author_url":"https:\/\/batijournal.com\/index.php\/author\/stephane\/","title":"Victoire fran\u00e7aise en demi-teinte sur les travailleurs d\u00e9tach\u00e9s","type":"rich","width":600,"height":338,"html":"<blockquote class=\"wp-embedded-content\" data-secret=\"4g6ZL0gphW\"><a href=\"https:\/\/batijournal.com\/index.php\/victoire-francaise-demi-teinte-travailleurs-detaches\/97191\/\">Victoire fran\u00e7aise en demi-teinte sur les travailleurs d\u00e9tach\u00e9s<\/a><\/blockquote><iframe sandbox=\"allow-scripts\" security=\"restricted\" src=\"https:\/\/batijournal.com\/index.php\/victoire-francaise-demi-teinte-travailleurs-detaches\/97191\/embed\/#?secret=4g6ZL0gphW\" width=\"600\" height=\"338\" title=\"\u00ab\u00a0Victoire fran\u00e7aise en demi-teinte sur les travailleurs d\u00e9tach\u00e9s\u00a0\u00bb &#8212; Batijournal\" data-secret=\"4g6ZL0gphW\" frameborder=\"0\" marginwidth=\"0\" marginheight=\"0\" scrolling=\"no\" class=\"wp-embedded-content\"><\/iframe><script type=\"text\/javascript\">\n\/* <![CDATA[ *\/\n\/*! This file is auto-generated *\/\n!function(d,l){\"use strict\";l.querySelector&&d.addEventListener&&\"undefined\"!=typeof URL&&(d.wp=d.wp||{},d.wp.receiveEmbedMessage||(d.wp.receiveEmbedMessage=function(e){var t=e.data;if((t||t.secret||t.message||t.value)&&!\/[^a-zA-Z0-9]\/.test(t.secret)){for(var s,r,n,a=l.querySelectorAll('iframe[data-secret=\"'+t.secret+'\"]'),o=l.querySelectorAll('blockquote[data-secret=\"'+t.secret+'\"]'),c=new RegExp(\"^https?:$\",\"i\"),i=0;i<o.length;i++)o[i].style.display=\"none\";for(i=0;i<a.length;i++)s=a[i],e.source===s.contentWindow&&(s.removeAttribute(\"style\"),\"height\"===t.message?(1e3<(r=parseInt(t.value,10))?r=1e3:~~r<200&&(r=200),s.height=r):\"link\"===t.message&&(r=new URL(s.getAttribute(\"src\")),n=new URL(t.value),c.test(n.protocol))&&n.host===r.host&&l.activeElement===s&&(d.top.location.href=t.value))}},d.addEventListener(\"message\",d.wp.receiveEmbedMessage,!1),l.addEventListener(\"DOMContentLoaded\",function(){for(var e,t,s=l.querySelectorAll(\"iframe.wp-embedded-content\"),r=0;r<s.length;r++)(t=(e=s[r]).getAttribute(\"data-secret\"))||(t=Math.random().toString(36).substring(2,12),e.src+=\"#?secret=\"+t,e.setAttribute(\"data-secret\",t)),e.contentWindow.postMessage({message:\"ready\",secret:t},\"*\")},!1)))}(window,document);\n\/\/# sourceURL=https:\/\/batijournal.com\/wp-includes\/js\/wp-embed.min.js\n\/* ]]> *\/\n<\/script>\n","thumbnail_url":"https:\/\/batijournal.com\/wp-content\/uploads\/2017\/05\/chantier-batiment.jpg","thumbnail_width":1200,"thumbnail_height":676,"description":"Les 28 ministres du travail de l\u2019Union Europ\u00e9enne viennent de trouver un accord sur la r\u00e9vision de la directive qui datait de 1996. Toutes les r\u00e8gles appliqu\u00e9es aux travailleurs locaux vont s&rsquo;appliquer aux travailleurs d\u00e9tach\u00e9s. Le d\u00e9tachement sera d&rsquo;une dur\u00e9e maximale de 12 mois, mais les entreprises envoyant des travailleurs d\u00e9tach\u00e9s dans un autre pays [&hellip;]"}

Stéphane Miget

Victoire française en demi-teinte sur les travailleurs détachés

<blockquote class="wp-embedded-content" data-secret="4g6ZL0gphW"><a href="https://batijournal.com/index.php/victoire-francaise-demi-teinte-travailleurs-detaches/97191/">Victoire française en demi-teinte sur les travailleurs détachés</a></blockquote><iframe sandbox="allow-scripts" security="restricted" src="https://batijournal.com/index.php/victoire-francaise-demi-teinte-travailleurs-detaches/97191/embed/#?secret=4g6ZL0gphW" width="600" height="338" title="« Victoire française en demi-teinte sur les travailleurs détachés » &#8212; Batijournal" data-secret="4g6ZL0gphW" frameborder="0" marginwidth="0" marginheight="0" scrolling="no" class="wp-embedded-content"></iframe><script type="text/javascript">
/* <![CDATA[ */
/*! This file is auto-generated */
!function(d,l){"use strict";l.querySelector&&d.addEventListener&&"undefined"!=typeof URL&&(d.wp=d.wp||{},d.wp.receiveEmbedMessage||(d.wp.receiveEmbedMessage=function(e){var t=e.data;if((t||t.secret||t.message||t.value)&&!/[^a-zA-Z0-9]/.test(t.secret)){for(var s,r,n,a=l.querySelectorAll('iframe[data-secret="'+t.secret+'"]'),o=l.querySelectorAll('blockquote[data-secret="'+t.secret+'"]'),c=new RegExp("^https?:$","i"),i=0;i<o.length;i++)o[i].style.display="none";for(i=0;i<a.length;i++)s=a[i],e.source===s.contentWindow&&(s.removeAttribute("style"),"height"===t.message?(1e3<(r=parseInt(t.value,10))?r=1e3:~~r<200&&(r=200),s.height=r):"link"===t.message&&(r=new URL(s.getAttribute("src")),n=new URL(t.value),c.test(n.protocol))&&n.host===r.host&&l.activeElement===s&&(d.top.location.href=t.value))}},d.addEventListener("message",d.wp.receiveEmbedMessage,!1),l.addEventListener("DOMContentLoaded",function(){for(var e,t,s=l.querySelectorAll("iframe.wp-embedded-content"),r=0;r<s.length;r++)(t=(e=s[r]).getAttribute("data-secret"))||(t=Math.random().toString(36).substring(2,12),e.src+="#?secret="+t,e.setAttribute("data-secret",t)),e.contentWindow.postMessage({message:"ready",secret:t},"*")},!1)))}(window,document);
//# sourceURL=https://batijournal.com/wp-includes/js/wp-embed.min.js
/* ]]> */
</script>

Les 28 ministres du travail de l’Union Européenne viennent de trouver un accord sur la révision de la directive qui datait de 1996. Toutes les règles appliquées aux travailleurs locaux vont s&rsquo;appliquer aux travailleurs détachés. Le détachement sera d&rsquo;une durée maximale de 12 mois, mais les entreprises envoyant des travailleurs détachés dans un autre pays [&hellip;]
